of (q + 2)/((-6)/99)?
3
Suppose 24048 = 15*f - 9102. What is the tens digit of f?
1
Let j = 981 + -950. What is the tens digit of j?
3
Let k(x) = -2 - 5*x**2 - 2*x + 2*x**3 + 2*x**2 + 4*x. Let b(n) = -n**2 + 24*n - 21. Let v be b(23). What is the units digit of k(v)?
6
Suppose -3*y - 5*x = -4347, y - 23*x - 1449 = -18*x. What is the tens digit of y?
4
Suppose -7*l = -l - 438. Suppose 4*s - 221 + l = 0. What is the units digit of s?
7
What is the tens digit of (-4)/((12/5)/3) + 1584?
7
Let b(t) = -646*t - 31. What is the tens digit of b(-1)?
1
What is the hundreds digit of (-15 + 27/12)/((-6)/808)?
7
Suppose -79*q + 7244 = -115443. What is the thousands digit of q?
1
Suppose 0 = 6*h - 10*h + 20. Suppose -5*z = 3*p - 702, 0 = -z + h*z + 12. What is the units digit of p?
9
Let l = -21 - -30. Suppose z + l = -3*g, 6*z + 39 = 10*z - 3*g. What is the units digit of z?
6
Suppose 4*a - 9*a = 3*b - 1689, -343 = -a + 2*b. What is the units digit of a?
9
Let o be 1/(2/14) + -4. Suppose 3*t + 17 = 4*h, o*t + 2*t + h = -36. Let w = t + 20. What is the tens digit of w?
1
Let u(o) = 19*o + 4. Let v = 63 - 58. What is the tens digit of u(v)?
9
Suppose 0 = 4*r - 4*d - 92, -2*d + 115 = 5*r + 2*d. Let i = r + -20. What is the units digit of i?
3
What is the units digit of (-36 - 6)*(-37)/3?
8
Suppose 2*w + 12*w = 11494. What is the units digit of w?
1
Let z(l) = -2*l - 3. Let u be z(2). Let n be 3*u/((-84)/(-200)). Let m = n - -76. What is the units digit of m?
6
Suppose -1048 = -g - 4*v, -3114 = 2*g - 5*g + 3*v. What is the hundreds digit of g?
0
Let c = -81 + -120. Let b = c + 328. What is the units digit of b?
7
Let b(j) = -5*j - 74. Let h be b(-16). What is the units digit of -237*(-1 + -1)/h?
9
Let x = -11 - -14. Let g(s) = 3*s**3 - 2*s**2 - 5*s - 2. Let v be g(x). Suppose 4*f = 2*j - v, -5*j + 91 = -7*f + 3*f. What is the units digit of j?
5
Let z(x) = -x**3 + 11*x**2 - x + 13. Let s(q) = -q**3 + 11*q**2 + 12. Let v(m) = -4*s(m) + 3*z(m). What is the units digit of v(12)?
9
Suppose -6*g - 40 = -g. Let q = -5 - g. Suppose -5*t + 4*w + 87 = 0, -t + q*t + 2*w = 24. What is the units digit of t?
5
Suppose 3*o - 2*u = 571, -3*u - 581 = -3*o + u. What is the units digit of o?
7
Let h(m) = -2*m**2 - 6*m + 9. Let g be h(-4). What is the units digit of (-28)/(-4) + -3 + g/1?
5
Let s be ((-12)/(-10))/(-2) - 357/105. What is the units digit of ((-644)/(-12) - s/(-6)) + 0?
3
Let k = -3 + 6. Suppose -368 = -k*t - 104. What is the tens digit of t?
8
Suppose 25434 = 18*n + 2376. What is the hundreds digit of n?
2
Suppose 3*k - 9 = -3*c, 2*c - 3*c + 2*k = 0. Let p(d) = d**2 + 2*d - 3. Let h be p(c). Suppose n - 6*n = -y - 15, 3*n = h*y - 13. What is the units digit of y?
5
Let c = -216 - -644. Suppose 5*w = -2*n + 477 + c, 0 = 4*w - 2*n - 724. What is the hundreds digit of w?
1
Suppose -7 + 1 = -2*d. Suppose 0*p = -2*p - 5*q + 406, 0 = -d*p + 5*q + 634. What is the tens digit of p?
0
Let x(i) = -17*i**2 - 5*i + 2. Let o be x(4). Let s be (4 + o)/(0 + -2). Suppose -25 + 164 = 4*g - k, 4*g + 3*k = s. What is the units digit of g?
5
Suppose 33 = 5*t + 13. Suppose y + k - 11 = 0, 4*y + k = -0*k + 38. What is the units digit of t + (y/(-3) - -7)?
8
Let r = 2259 - 1231. What is the thousands digit of r?
1
Let j be (-342)/(-2) - (19 + -21). Suppose 3*i + 197 = 4*l - 486, 3*i + j = l. What is the hundreds digit of l?
1
Suppose -35*d + 17690 + 3100 = 0. What is the tens digit of d?
9
Let w = 23 - 18. Suppose 6*j - 2*j = i - w, 0 = 3*j + 3*i - 15. Suppose j = 4*t - 89 - 39. What is the tens digit of t?
3
Let g = 2056 - 1845. What is the hundreds digit of g?
2
Suppose 5*h - 2*x - 210 = 0, -146 + 1 = -3*h + 5*x. What is the tens digit of h?
4
Let f be 3/(3 + (-9)/6). Suppose z - 4 + 9 = -3*j, 0 = -f*z + 2*j - 2. Let t = z - -15. What is the tens digit of t?
1
Let v = 494 + -258. Suppose -2*d - 2*k = -312, 0 = 3*d - 5*k - 216 - v. What is the hundreds digit of d?
1
Suppose 5*q - 1 - 4 = 0. Let o(x) = -11*x**2 + x. Let g be o(q). What is the units digit of ((-88)/g)/(6/15)?
2
Let f be 1*((-20)/(-2) - -1). Suppose v = 2*v + f. Let c = v - -30. What is the tens digit of c?
1
Suppose -4*z - 5*t = -7264, -2*z - t = -3734 + 102. What is the tens digit of z?
1
Let m = 52 + -43. What is the hundreds digit of (-3)/m*-12 - -314?
3
Let z = -11 + 20. Let k = z + 46. What is the units digit of k?
5
Suppose 5*d = 13*p - 11*p + 5047, 3*d - p = 3029. What is the tens digit of d?
1
Let a = -17 - -46. Let d = -1264 - -1277. Let k = a - d. What is the units digit of k?
6
Suppose 0 = 3*a - 2*a + 4, 2*a = v - 22. Suppose -v + 2 = -3*u. Suppose u*j = 4*y + 72 - 12, -2*j - 5*y + 2 = 0. What is the tens digit of j?
1
Suppose q - 4*q + 2*o = -6596, 2*o - 10972 = -5*q. What is the hundreds digit of q?
1
Suppose 0 = -2*x + 2. Let t(r) = r**2 + 5*r + 8. Let y be t(-6). Let h = y - x. What is the units digit of h?
3
Suppose -k = -2, -4*k = -4*m + 9952 + 4208. What is the units digit of m?
2
Suppose -315 = -g + 670. Suppose -5*j + 4*r = -g, -r = -6*r + 25. What is the units digit of j?
1
Suppose 18962 = 39*n - n. What is the units digit of n?
9
Let c be (-537)/(-1) + -6 + (-28)/(-4). Suppose 3*s - c = 44. What is the units digit of s?
4
Suppose 1 = 5*z + 11, s - 4*z = 63. What is the units digit of s?
5
Suppose -25 = 3*f - 4*d, 19 = -0*f - f + 4*d. Let z(j) be the third derivative of -3*j**4/8 - j**3/6 - 145*j**2. What is the units digit of z(f)?
6
What is the units digit of 24/(-10) + 2 + (-1161756)/(-465)?
8
Let o = 51 + -44. Let f(p) = -p**3 + 10*p**2 + 6. What is the tens digit of f(o)?
5
Let k(f) = 7*f**2 - 6*f + 13. What is the units digit of k(-10)?
3
Let l be -7*1*108/63. Let k be l/(-9)*75/10. What is the units digit of (4 - k)*(-7 + 2)?
0
Let p(i) = -i**3 - 12*i**2 - 3*i + 29. Let w be p(-12). Suppose 68*c = w*c + 924. What is the hundreds digit of c?
3
Suppose -10*h - 3264 = -18*h. What is the hundreds digit of h?
4
Let u(l) = 6*l**3 - l**2 + l - 10. Let x(a) = -2*a + 11. Let d be x(4). What is the tens digit of u(d)?
4
Suppose -3*m - m + 16 = 0. Suppose 0 = 2*l + 3*d - 8, -3 - 5 = -4*d. What is the units digit of l + m/3*27?
7
What is the hundreds digit of 1594 + (8 - -2)/10?
5
Let g be 2/(-3)*150/20. What is the units digit of -2*g/(-20)*-12?
6
Let k = 14 - 6. Let c be 802/k + (-5)/20. Suppose 5*z = c + 10. What is the tens digit of z?
2
Let f(b) = -8 + 32*b**2 + 28*b**2 + 7 + 5 - 2*b. Let g(o) = 121*o**2 - 3*o + 7. Let n(x) = -5*f(x) + 3*g(x). What is the units digit of n(-1)?
3
Suppose -3*g - 500 = -u, 4*g - 2*u + 61 = -605. Let s be (g + 2)/(-3) - -2. Suppose t = -l + 6*t + 18, -4*l + 5*t + s = 0. What is the tens digit of l?
1
Suppose 5*x - 8*x = -4*z - 133, -1 = z. What is the tens digit of x?
4
Suppose -2*l = -3*v + 900, -v - 3*l + 77 = -223. What is the tens digit of v?
0
Suppose -2*z = -4*o - 710, -488 + 143 = -z - 3*o. What is the units digit of z?
1
Suppose 0 = 2*c + 4, -11*o + 12*o = -3*c + 3601. What is the tens digit of o?
0
Let g = 1 - -18. Let r(x) = -5*x + 51. Let i be r(8). Let v = g - i. What is the units digit of v?
8
Let l(f) = 31*f - 8. Let n be l(-6). Let z = n + 378. What is the units digit of z?
4
Let t = 74 - 68. Suppose t*s = -13*s + 2432. What is the units digit of s?
8
Let q = 3326 - 2298. What is the tens digit of q?
2
Let g(z) = 58*z**2 - 6. Suppose -4*f + 5*u - 13 = 0, 4*u + 5 = -5*f - 1. What is the hundreds digit of g(f)?
2
Let o(k) = -5*k + 38. Let j be o(6). Suppose -34 + j = -s. What is the tens digit of s?
2
Let z be 0*((9 - 10) + (1 - 1)). Suppose -9*n + 16*n - 1771 = z. What is the units digit of n?
3
Let i(c) = 13*c**2 - 16*c + 12. What is the tens digit of i(-6)?
7
Suppose 118*q - 124*q = -600. What is the hundreds digit of q?
1
Suppose 0 = -3*n - n. Suppose -5*v + 9*v - 12 = n. Suppose 5*h - 3*r = v*h + 7, -5*h + 2*r = -23. What is the units digit of h?
5
Suppose -5*q - 5 + 15 = 0. Suppose 2*s + 4*h - 90 = 0, -3*s - q*s - 2*h = -193. What is the units digit of s?
7
Let u be 11/9 - 1 - 51272/522. Let g = u - -125. What is the tens digit of g?
2
Suppose -13 = 2*w - 87. Suppose 5*p - w - 183 = 0. What is the tens digit of p?
4
Suppose 2*a = 8 - 2. What is the tens digit of (2 - 184)*a/(-6)?
9
Let x(u) = u. Let l(a) = -24*a + 1. Let r(b) = -l(b) - 2*x(b). Sup